22?
20
Suppose 0 = 5*x + 323 - 433. Calculate the remainder when 94 is divided by x.
6
Let p = -417 - -663. What is the remainder when p is divided by 42?
36
Let c be -8*((-15)/(-4) - 4). What is the remainder when 6*(c - 2/4) is divided by 5?
4
Let n = 74 - 76. Let j(s) = -14*s - 13. What is the remainder when j(n) is divided by 2?
1
Calculate the remainder when (2/(-1))/((-12)/2004) is divided by 68.
62
Suppose 21 - 63 = -6*b. What is the remainder when 122 is divided by b?
3
Let y be 1963/117 + (-11)/(-9) + -1. Let h = y - -30. What is the remainder when h is divided by 16?
15
Suppose -4 - 604 = -8*n. Calculate the remainder when n is divided by 68.
8
Suppose -2*g - 131 = s + 4*s, 3*s = -2*g - 81. Let r = s - -47. Suppose -2*q = -0*d + 2*d - 88, 3*q - 134 = -5*d. What is the remainder when q is divided by r?
21
Let s(k) = -k**2 + 26*k - 48. Calculate the remainder when s(9) is divided by 23.
13
Suppose 371 = -4*o - 5*t, 7*o - 2*o + 5*t + 460 = 0. Let c = 149 + o. Calculate the remainder when c is divided by 21.
18
Let t(f) = -f - 4. Let j be t(-4). Suppose j*u - 2*u + 12 = 0. Calculate the remainder when 0/(12 + -7) + 16 is divided by u.
4
Suppose -43 = g - 4*g - o, -5*g + 69 = 3*o. What is the remainder when ((-1305)/(-6))/5*2 is divided by g?
12
Let l(g) = g**3 + 3*g**2 - 4*g. Suppose 12*v = 14*v - 380. Suppose 4*q + 50 = v. What is the remainder when q is divided by l(-3)?
11
Suppose -3*a + 129 = 2*z - 132, -2*z + 264 = 4*a. Suppose -4*q - z = y, 3*y + 72 = 5*q - 289. What is the remainder when (-2)/(-7) - y/14 is divided by 3?
0
Suppose 4*l + 5*h = 5*l + 5, 5*l - h - 71 = 0. Suppose 18 = 14*y - 5*y. Suppose -y*u + 10 = -104. What is the remainder when u is divided by l?
12
Let c(l) = -7*l**3 - 24*l**2 + 10*l + 27. Let m(j) = 3*j**3 + 12*j**2 - 5*j - 13. Let t(f) = 4*c(f) + 9*m(f). What is the remainder when t(11) is divided by 10?
7
Suppose -7*u + 2*u = v - 1, -2*v = 5*u + 3. Suppose u = c - 4. Let x(j) = j**3 + 14*j**2 - 15*j + 9. Calculate the remainder when x(-15) is divided by c.
4
What is the remainder when 38 is divided by 20*(7 - 6)*(-4)/(-10)?
6
Suppose 102 = 2*n - 5*w, 47 = 3*w + 41. Calculate the remainder when n is divided by 34.
22
Let q = -1823 - -2704. What is the remainder when q is divided by 9?
8
Suppose -3*p + 0*p - 77 = 4*m, -3*p - 62 = m. Let r = p - -26. Calculate the remainder when 34 is divided by r.
6
Let k = -119 - -392. What is the remainder when k is divided by 69?
66
Suppose -21*d = -7*d - 574. What is the remainder when d is divided by 22?
19
Suppose -118 = -3*c - 3*p + 7*p, 2*c + 4*p = 92. What is the remainder when c is divided by 20?
2
Suppose 24 + 6 = 6*d. Suppose 0 = 6*s - d*s - 5. Suppose 0 = 3*m + 2*g - 98, -4*m + 4*g - 36 = -s*m. What is the remainder when 94 is divided by m?
30
Suppose -4*w + t - 454 = 0, -2*w - 5*t + 0*t - 238 = 0. Let s = w + 125. Let u = 30 + -11. What is the remainder when u is divided by s?
8
Let y(k) = 66*k - 160. Calculate the remainder when y(5) is divided by 63.
44
Suppose -v = -2*b - 13, v + 19 = -v - 5*b. Suppose q = v*m + 32, -3*q - 3*m + 126 = -2*m. What is the remainder when q is divided by 14?
13
Let z(r) = -2*r**2 - 13*r + 7. Let i be z(-7). Suppose -2*p + 18 + 10 = i. What is the remainder when p is divided by 4?
2
Let k = -17 + 31. Calculate the remainder when k is divided by ((-7)/(21/(-30)))/2.
4
Let o = -47 - -35. What is the remainder when (o/(-22))/(-3) + (-706)/(-11) is divided by 13?
12
Suppose 0*p + 2*g = -p + 36, 3*p - 84 = 2*g. Let d = -28 + -63. Let y = 102 + d. Calculate the remainder when p is divided by y.
8
Let c be -2*(-6)/36*-3. Calculate the remainder when 135 is divided by (-2)/c + (-44)/(-1).
43
Let j = 436 - 417. Calculate the remainder when 586 is divided by j.
16
Let z = 19 - -61. Let q = z - 30. Calculate the remainder when q is divided by 31.
19
What is the remainder when -61*6/4*14/(-21) is divided by 13?
9
Calculate the remainder when 129 is divided by 47/(-94) + (-2 - (-35)/2).
9
Suppose 5*g - 4*g - 20 = -3*y, -4*g = 2*y - 60. Let v be ((-272)/(-51))/((-4)/(-6)). Suppose -v*o + 89 = 25. What is the remainder when g is divided by o?
6
Suppose -13*z = 1426 - 8264. Calculate the remainder when z is divided by 23.
20
Suppose -4*y = -2*y - 8. Suppose -3*t + y = -11. Let q = -1186 + 1199. What is the remainder when q is divided by t?
3
Suppose 0*l = 7*l + 224. Let s = 34 + l. Let z = 2 + 3. Calculate the remainder when z is divided by s.
1
Let p(x) = 13*x + 19. Let y(t) = 9*t**2 - 2*t + 1. What is the remainder when p(2) is divided by y(1)?
5
What is the remainder when (-970)/(-14) - -17*8/(-476) is divided by 25?
19
Let f be -2 + 4 + -6*6/(-9). Suppose f*m - 150 = m. Calculate the remainder when m is divided by 17.
13
Suppose -33 = -3*z + 210. Let i = -11600 - -11617. What is the remainder when z is divided by i?
13
Suppose 0*a + 694 = 3*n - 4*a, -n + 236 = a. What is the remainder when n is divided by 22?
14
Suppose 3*a + 3*r = r + 1, 5*r = -5*a. What is the remainder when 30 is divided by a/(24/(-8)*1/(-33))?
8
Suppose 4*o - 21 = 3*o. Let u = -5 + o. Calculate the remainder when u is divided by 20/(-5)*9/(-4).
7
Let r(s) = s**3 + 11*s**2 + 6*s - 11. What is the remainder when 118 is divided by r(-10)?
2
Let i(k) be the third derivative of -k**5/60 + 7*k**4/12 + 7*k**3/3 + 7*k**2. Calculate the remainder when 27 is divided by i(14).
13
Suppose 0 = -t - 5*g - 11 - 1, 5*t = 2*g + 75. What is the remainder when t is divided by 2?
1
Let m = -104 + 147. Suppose 0 = 3*i - s + 6*s - 289, 5*i - 4*s - 420 = 0. Suppose -4*a + i = -0*a. Calculate the remainder when m is divided by a.
21
Let v = -187 + 220. Calculate the remainder when 81 is divided by v.
15
Let p(s) = 19*s + 2. Let a(g) = -g. Let m(x) = 6*a(x) - p(x). Calculate the remainder when 65 is divided by m(-1).
19
Suppose -2*h - 214 = 3*r - 1214, 4*h + 5*r - 1996 = 0. What is the remainder when h is divided by 45?
44
Suppose h + 0 = 1. Suppose -3*x - 118 = g, 2*x - 2*g + 103 - 35 = 0. Let q = x + 42. Calculate the remainder when q is divided by h.
0
Let a(l) = -5*l**3 - l**2 + 8*l + 12. Let t = -7 + 4. What is the remainder when a(t) is divided by 39?
36
Let k be 80/(-48) - 52/(-6). Suppose -k*a + 24 = -5*a. What is the remainder when 47 is divided by a?
11
Suppose 3*z = -3*f + 21, z = 2*z. Suppose -53 - 73 = -f*t. What is the remainder when 71 is divided by t?
17
Let x(q) = q**2 + 7*q - 5. Let m = -12 - -19. Let l be (-1 - (0 + m)) + -2. What is the remainder when x(l) is divided by 9?
7
Let f(j) = -j**2 - 14*j - 13. Let b be f(-13). Suppose -y + 2*y + 2 = b. What is the remainder when 57 is divided by 11 - (-2 - -4)*y?
12
Let c be (95/(-38))/(2/20). What is the remainder when 5 is divided by (10/c)/((-2)/10 - 0)?
1
Suppose -7*m = -5*k - 3*m, -4*k - m + 21 = 0. Suppose -k*c - 2*x + 14 = -34, -4*c - 5*x = -54. What is the remainder when 21 is divided by c?
10
Suppose -2*y - 2 = -3*y. Suppose -4*p - 2*r = y*r - 128, 3*r - 28 = -p. What is the remainder when p is divided by 20?
14
Let s(o) = 118*o - 424. Calculate the remainder when s(9) is divided by 16.
14
Suppose -5*w = -3*c - 120, 2*c - 5*w + 67 + 8 = 0. Let d = -1 + 5. Calculate the remainder when (0/4 + c)*(-2)/5 is divided by d.
2
What is the remainder when (1/3)/(18/1242) is divided by 11?
1
Suppose 0 = 4*p - 6*p + 100. Let y be p + 3*1/3. Suppose -3*t + 5*k + 69 = 0, 9 - y = -2*t + 2*k. What is the remainder when t is divided by 10?
8
Suppose 0 = -3*v - 0*x + 3*x + 189, -2*x = v - 60. What is the remainder when 804 is divided by v?
60
Let s be 2 + -3 + 1 + (1 - -3). Suppose s*z + 3*m = 44, 6*z - 3*m - 82 = z. Calculate the remainder when 22 is divided by z.
8
Suppose 1035 = 5*m + 1010. Let k = 53 + -39. What is the remainder when k is divided by m?
4
Suppose q - 3 - 2 = -a, -5*a = -10. Suppose q*w - 79 = -73. Calculate the remainder when 22 is divided by w.
0
Suppose -170*j = -175*j + 270. Calculate the remainder when j is divided by 12.
6
What is the remainder when (36/8)/(3 + 12897/(-4302)) is divided by 8?
7
Let u = -1235 + 1346. What is the remainder when 340 is divided by u?
7
Suppose 3*b = -2*v + 42, 22*b - 24*b + 5*v + 9 = 0. Let u = 8 - 5. What is the remainder when u/((-3)/2) + 25 is divided by b?
11
Suppose 0*i = -2*i + 7